 be y(0). Let o = -3 + b. Let p(m) be the second derivative of -m**5/20 + m**3/6 + m**2/2 - 550*m - 5. Determine p(o).
1
Let m(s) be the second derivative of -s**5/20 - 5*s**4/12 - 5*s**3/3 - 5*s**2/2 - 280*s + 4. What is m(-4)?
19
Suppose -231 = -96*g + 89*g. Let s be g/(-5) + (-10)/((-550)/33). Let i(b) = b + 11. What is i(s)?
5
Let u(l) = 6*l - 7. Let c(o) = -5*o + 6. Suppose 23 = -4*w + 3. Let j(v) = w*c(v) - 4*u(v). Suppose -3 = t - 2*t. What is j(t)?
1
Suppose 4*h - 8 = -4. Let u be (-15)/((-10)/(-2))*(h - 0). Let l(t) = 4*t**2 + 10*t + 5. Let n(j) = 11*j**2 + 29*j + 15. Let f(r) = u*n(r) + 8*l(r). Give f(-5).
5
Let o be (-35)/14 - (-1)/(-2). Let m be o/(3 + 18/(-5)). Let n(f) = -3*f**2 - 10*f + 10. Let t(x) = x**2 + x - 1. Let q(j) = -n(j) - 4*t(j). What is q(m)?
-1
Suppose 8 = -w - 2*k, 2*k + 20 = 5*w - 0*w. Let r(i) be the third derivative of 0*i + 1/12*i**4 - 25*i**w + 0 + 0*i**3. Give r(4).
8
Let t(m) = 11*m - 14. Let u be t(9). Let w = u - 75. Suppose 2 = w*o - 28. Let b(p) = -p**3 + 3*p**2 - p - 4. What is b(o)?
-7
Let r(q) be the third derivative of -q**5/30 - 25*q**4/24 - 79*q**3/6 - 26*q**2 - 51*q. Determine r(-8).
-7
Let d(p) = -p**3 + 3*p**2 + 2*p - 2. Let o be (-6)/10*(6 + -10 - 1). Suppose 3*s + 4*q = 10, 9 - 17 = -2*s - o*q. What is d(s)?
14
Let c = -18 - -10. Let a(v) = 3*v + 15. Let y(t) = -t - 5. Suppose 126 = -26*p - 82. Let d(r) = p*y(r) - 3*a(r). Calculate d(c).
3
Let m(h) = -8*h**2 - 12*h + 40. Let q(r) = 6*r**2 + 7*r - 39. Let g(v) = -4*m(v) - 5*q(v). Give g(-7).
42
Let h(z) be the second derivative of z**5/20 - z**4/4 - 3*z**3 + 7*z**2/2 - 3*z - 188. Calculate h(6).
7
Let y(o) = -5*o + 34. Let q(f) = -24*f + 170. Let a(z) = -3*q(z) + 14*y(z). Determine a(13).
-8
Let a(f) = f - 32. Suppose 0 = 5*h + x - 174, h + 4*x + 14 - 45 = 0. Calculate a(h).
3
Let y = 272 + -269. Let l(x) be the second derivative of -1/10*x**5 - 5*x + 1/2*x**2 + 0*x**3 + 1/3*x**4 + 0. Determine l(y).
-17
Let i(b) = b + 9. Let l(p) = 11*p + 106. Let w(s) = -10*i(s) + l(s). Determine w(-10).
6
Let r(d) = 3*d**2 + 7*d - 5. Let w = 15166 - 15169. Calculate r(w).
1
Let d(a) = -4*a + 157. Let p(j) = -8*j + 309. Let b(y) = -5*d(y) + 2*p(y). What is b(40)?
-7
Let c(x) = 3*x**2 - 2*x - 1. Let l(m) = m**3 + 9*m**2 - 23*m + 4. Let b(o) = 6*c(o) - l(o). Let i = -16 - -26. What is b(i)?
0
Let l(h) = 4*h**2 - 12*h + 108. Let a(p) = -p**2 + 3*p - 21. Let g(s) = -20*a(s) - 4*l(s). Determine g(-1).
4
Let t(y) be the first derivative of 1/2*y**2 + 102 - 5*y. Suppose 2*r + 3*z + 8 = -7, 4*r = 5*z - 19. Determine t(r).
-11
Let o(x) = -346*x - 3 + 9*x**2 - 1 + 4 + 343*x. Determine o(2).
30
Let g(i) = i + 4. Let y = -60 + 40. Suppose 9 = -k - 5*r, -5*k + 4*k = 4*r + 10. Let c = k - y. What is g(c)?
10
Suppose -2*i + 10 = 0, -2*b + 3*i + 4 = -i. Let f be ((-4)/(-12))/(4/b). Let k(m) = -6*m + 9. Let a(o) = 3*o - 4. Let g(v) = -9*a(v) - 4*k(v). Determine g(f).
-3
Let a(c) be the second derivative of 7*c**3/6 + 45*c**2/2 - 102*c. Determine a(-6).
3
Let o(h) = -4*h**3 - 3*h**2 - 10*h + 3. Let v(x) = -3*x**3 - 5*x**2 - 9*x + 1. Let r(q) = -2*o(q) + 3*v(q). Suppose 3*t + 10*t + 104 = 0. Determine r(t).
-11
Suppose -5*u + 8 = -13*u. Let m(s) = -33*s**3 - s**2 + 1. Calculate m(u).
33
Let h be (-3 + 5 - 3) + 348/288. Let j(i) be the third derivative of 0 - 16*i**2 + 0*i**3 + h*i**4 + 0*i. Give j(-1).
-5
Let o be -3*5/(-4 - -5). Let h be (-6)/o - (-12)/20. Let b be (-2 - h/(-2))/((-9)/(-60)). Let m(x) = -x - 10. Determine m(b).
0
Let v(j) = j**3 - 10*j**2 + 6*j - 34. Let o(k) = 295*k + 1190. Let f be o(-4). Determine v(f).
26
Let q(n) = 9*n**2 - 2*n - 106. Let w(t) = -11*t**2 + t + 103. Let v(x) = 5*q(x) + 4*w(x). Give v(14).
-6
Let r(z) = 8*z**2 - 32*z**3 - 68*z**3 + 10*z - 11 + 99*z**3. Suppose w - 6 = 3. Calculate r(w).
-2
Let g(v) = -37*v**2 - 16*v + 58. Let i(o) = -31*o**2 - 15*o + 55. Let x(w) = 5*g(w) - 6*i(w). Determine x(-12).
-16
Suppose -4*b = 3*s + 16, -2*s + 4*b = b + 5. Let p(d) = d**3 + 3*d**2 - 11*d - 21. Let o be p(s). Let m(w) = -w**3 + 6*w**2 + 3*w - 6. Give m(o).
-34
Let r(t) be the third derivative of t**5/20 + t**4/12 - 2*t**3/3 - 2*t**2 - 29. Suppose 2 = 2*x - 4. Determine r(x).
29
Let o(z) = -5*z**2 - 4 + 2489*z + 9*z**2 - 2484*z. Give o(-5).
71
Let b(w) be the second derivative of -w**4/12 - 13*w**3/6 + w**2 + 903*w - 2. What is b(3)?
-46
Let o(h) = -2*h**2 - 4*h**2 + 3 + 3*h**2 + 2 - h**3. Let p(a) = -3*a**3 - 5*a**2 + 10. Let m = 8 + -10. Let s(t) = m*p(t) + 5*o(t). Determine s(5).
5
Let x(s) = -3*s**2 + 4*s - 3. Suppose -5*o + v + 23 = -7, -4*o - 3*v = -24. Let m(j) = 2*j**3 - 15*j**2 + 18*j + 3. Let y be m(o). Determine x(y).
-18
Let r(x) = -35*x**2 + 34*x - 48. Let k(u) = 39*u**2 - 35*u + 55. Let o(n) = 8*k(n) + 9*r(n). What is o(9)?
-1
Let c(j) = 203*j - 2*j**2 + 0 - 388*j + 1 + 188*j. What is c(-6)?
-89
Let u(h) be the third derivative of -h**4/6 - 7*h**3/6 - 43*h**2. Suppose 9 + 6 = -3*a. What is u(a)?
13
Let x = 88 + -86. Let c(s) = 2*s**3 - 4*s**2 + 5*s - 4. Give c(x).
6
Let d(h) = -444*h + 445*h + 0 - 17 + h**2. Give d(4).
3
Let w(u) = 2*u**2 - 37*u - 55. Let p be w(20). Let g be 6 + p/(-2 + 7). Let h(o) = o**3 - 7*o**2 - o + 7. Determine h(g).
0
Let d be 1*4/(-14) - (-23)/((-4830)/(-5940)). Suppose -2*b - 5*o + 56 = 0, 4*o = -3*b + 105 - 28. Let y = b - d. Let p(s) = s**2 + 5*s. Determine p(y).
0
Suppose 3*g - 4*n + 20 = -0*g, 3*g + n - 5 = 0. Suppose 5*a + 2*k = -12, g = 2*a + 2*a - 4*k + 4. Let p(w) = 4*w - 1 + 0 + 0. Give p(a).
-9
Let w(q) = q - 11. Let h(g) = 10*g - 82. Let m(u) = -6*h(u) + 51*w(u). Calculate m(-8).
3
Let i(k) = -2*k**2 + k**2 - 124 - 9*k**3 + 125 + 28*k**3. Suppose -5*d + 5 = r, -3*d - 12 = 5*r + 7. Suppose h = -a + 4, -5*a = -a - d*h + 14. What is i(a)?
-19
Let a(c) = c**3 - 7*c**2 - 14*c - 1. Let b = -24535 - -24533. Determine a(b).
-9
Let y(o) = -1378*o - 1 + 2760*o - 1381*o - 17. Give y(-8).
-26
Let j(n) = n + 6. Suppose 0 = 55*k - 63*k + 48. What is j(k)?
12
Let o(z) = 2825 - 24*z**2 - 2827 + 2*z - z**3 + 30*z**2 + 11*z. Give o(8).
-26
Let x = 19171 - 19185. Let j(i) = -3*i**2 - 42*i - 25. What is j(x)?
-25
Let f(t) = 24*t**2 - 2. Let y(b) = 50*b**2 - 17*b - 13. Let p(m) = 2*f(m) - y(m). Calculate p(8).
17
Let k(p) = -p - 21. Let z(g) = -41. Let v(j) = 144. Let n(a) = -5*v(a) - 18*z(a). Let i(x) = 3*k(x) + 4*n(x). Determine i(4).
-3
Suppose 16 = -x + 5*m, -2*m = -1976 + 1970. Let a(l) = 12*l**2 + l + 1. Give a(x).
12
Let m = 170 + -145. Suppose 0 = 4*i + 4*y + 20, 0 = -2*i - 18*y + 13*y - m. Let o(u) = -u + 31. Give o(i).
31
Suppose 0 = 57*u - 156*u - 891. Let f(t) = -2*t**3 - 19*t**2 - 10*t. Give f(u).
9
Let h(r) = -r**3 + 5*r**2 - 4*r - 1. Let g = -88 - -149. Let u = -57 + g. Determine h(u).
-1
Let f(y) = y - 10*y - 3 + 22*y - 6*y - 3 + y**2. Let a be ((-4)/8)/(1/14). What is f(a)?
-6
Let h be (-2)/(-8)*(-5 - -9). Let y be (67/67)/(h*1/3). Let o(j) = 8*j**2 + 2 + 2*j - 6 - j**3 - 3*j**2 - 4*j. Determine o(y).
8
Let o(f) = -24*f - 396. Let j(h) = -8*h - 105. Let p(b) = 7*j(b) - 2*o(b). What is p(12)?
-39
Let p(z) = 30 + 13 + 17*z + 59 - 20 + 54. What is p(-8)?
0
Let a(f) = -21*f**2 - 35*f**2 + 69*f**2 + 13*f + 5. Let z(s) = -29*s**2 - 27*s - 10. Let q(p) = 9*a(p) + 4*z(p). Give q(-10).
15
Let y(b) = 9*b**3 + 405*b**2 - 10*b + 13. Let w(q) = -5*q**3 - 231*q**2 + 6*q - 7. Let s(l) = -7*w(l) - 4*y(l). Let k = 4 - 6. What is s(k)?
-3
Let w(z) = -2*z**2 + 4*z. Let n(y) be the first derivative of -y**3 + 7*y**2/2 - y - 20. Let h be (4 - 1)/1*-1. Let r(f) = h*n(f) + 5*w(f). Determine r(0).
3
Let w(c) = 143*c**3 - 20*c**2 - 12*c - 42. Let b(o) = -12*o**3 + o**2 + 2. Let l(v) = 12*b(v) + w(v). Give l(-6).
-18
Let o(d) = -7*d**2 - 19*d - 1. Let v(s) = -4*s**2 - 14*s + 1. Let k(r) = -2*o(r) + 3*v(r). Calculate k(4).
21
Let t(g) = 2*g**2 - g + 12. Let d(s) = -3*s**2 + s - 13. Let j(p) = -5*p + 18. Let z be j(3). Let n(m) = z*d(m) + 4*t(m). Determine n(-4).
-3
Let h(m) be the second derivative of -m**5/20 + m**4/3 - 5*m**3/3 + 7*m**2 + 260*m. Calculate h(3).
-7
Let d(n) = 45*n + n**2 + 4*n**2 + 7*n**2 - 19*n**2 - 4*n**2 - 4. Give d(4).
0
Let g be (-856)/16 - (1 + 1/2). Let n = g + 57. Let m(o) = -o**3 + 0*o**3 + 10*o**n - o + 0*o**3 + 2 - 9*o. Determine m(9).
-7
Let f(u) be the second derivative of -4*u**3/3 - 33*u**2 +